mmon factor of g and 14.
14
Suppose -22*a + 8265 = 7*a. Calculate the greatest common divisor of 380 and a.
95
Let h be (5/(-5) + 3)*13. Calculate the greatest common divisor of h and 26.
26
Suppose -570 = -5*z - 0*z. Let c = z - 97. What is the greatest common divisor of 17 and c?
17
Suppose -4*v = -3*v - 18. What is the highest common divisor of v and 36?
18
Suppose 0*b - b = -3*r + 3, b + 11 = r. Let n(v) = 2*v + 39. Let a be n(b). Let m be -2 - -4 - -61 - 0. Calculate the highest common factor of m and a.
9
Let m be (-320)/(-6) - 192/144. Calculate the highest common factor of 1846 and m.
26
Let h(s) = s + 6. Let y be h(12). Suppose 3*o - 24 = y. What is the greatest common divisor of o and 14?
14
Suppose 0 = 3*h - 127 + 43. Calculate the highest common divisor of 28 and h.
28
Let t be 2/(-13) - 2004/156. Let f(z) = -z**2 - 14*z - 11. Let i be f(t). Suppose 26 = p + i. What is the greatest common divisor of 60 and p?
12
Suppose 0 = -53*y + 50*y + 9. Let b be -28*3/(-18)*y. Calculate the highest common divisor of 7 and b.
7
Suppose 4*s = -16, 0 = -2*j + 3*s - 5*s + 486. Calculate the greatest common divisor of 38 and j.
19
Suppose 0 = -2*k + 3*q + 34, 88 = -0*k + 4*k + 4*q. Let z = k - 10. Calculate the greatest common factor of z and 20.
10
Let m(p) = 3*p**2 + 1. Let j = -13 - -12. Let u be (j - 3)*(-17)/(-68). Let w be m(u). Calculate the greatest common factor of w and 6.
2
Suppose -80 = -4*k - 5*j + 2, 2*k + 2*j - 40 = 0. Let x(p) = p**3 + 4*p**2 - 4*p - 10. Let b be x(-4). Calculate the highest common divisor of b and k.
6
Suppose 0 = -59*f + 75*f - 1040. Calculate the highest common divisor of f and 78.
13
Suppose 7 = -5*d + 2*h, 5 = 3*h + 2*h. Let j(q) = 8*q**2 - 9*q - 8. Let b be j(d). Calculate the highest common factor of 99 and b.
9
Suppose 5*k - 2*f - 316 = 407, 4*f - 413 = -3*k. Calculate the highest common divisor of 11 and k.
11
Let g be 2/(-7) + (-632)/(-7). Let t(f) = -6 + 518*f**3 - 4*f - 2*f - 519*f**3 + 9*f**2 - 2*f. Let x be t(7). What is the highest common divisor of x and g?
18
Suppose 5 = 5*k - 4*d - 14, 3*k = 5*d + 14. Suppose 3*g - 453 = -k*p, 13*g = 11*g + 5*p + 323. What is the greatest common divisor of 14 and g?
14
Suppose 5*x - 4*p = 33, -x - 3 = 4*p - 0*p. Calculate the highest common factor of 25 and x.
5
Let i(f) = 41*f**2 + 3*f + 2. Let a be i(-1). Suppose -35 = -4*r + g, 3*g + g - 70 = -5*r. What is the greatest common divisor of a and r?
10
Let v = -1 - -4. Let d be (1/(-5))/(v*7/(-105)). What is the greatest common factor of d and 11?
1
Let h = 202 - 320. Let b = -112 - h. What is the greatest common divisor of 66 and b?
6
Let p = -738 + 842. Calculate the highest common factor of 364 and p.
52
Let r(t) = 5*t**2 - 3*t + 2. Let w be r(1). Let l = 8 + w. What is the greatest common factor of l and 3?
3
Let t = 30 - 27. Let k = 22 + t. Suppose 2*z - 5 = -d, -5*z + k = -z - 3*d. Calculate the greatest common factor of z and 10.
2
Let v(p) = -p**3 - 11*p**2 - 12*p - 10. Let t be v(-10). Suppose -32 = -4*y - 0. Suppose 0 = -y*z + 57 + 23. What is the highest common factor of z and t?
10
Suppose 517 = 6*g - 407. Let t be (-2 + 3)*-1 + -14. Let c be (-1 - 32)*10/t. Calculate the highest common factor of c and g.
22
Let j = 8 + 0. Let v be (j/(-32))/(1/(-16)). Let d be ((-6)/v)/((-9)/42). Calculate the greatest common divisor of d and 49.
7
Suppose -r + 3*g = -18, -19*r + 6*g = -23*r + 18. What is the highest common factor of 981 and r?
9
Let p(d) = -d + 3. Let g be p(0). Let u(b) = 8*b - 2*b**2 - 4*b**2 + 5*b**2. Let a be u(5). Calculate the greatest common divisor of a and g.
3
Let z be ((-1776)/37 + (-1 - -6))*-27. Calculate the greatest common factor of z and 43.
43
Let r be (-8)/(-52) + 680/(-26). Let g be r*4/(-8) + 2. What is the greatest common divisor of g and 6?
3
Suppose 0 = g + 3*g - 12. Suppose 59 = -17*r + 620. Calculate the greatest common divisor of g and r.
3
Suppose 5*a = -3*x + 257, 2*a + 2*x - 57 - 45 = 0. Let u = a + -3. What is the greatest common factor of u and 7?
7
Let q(j) = -j**3 - 18*j**2 + 9. Let g be ((-24)/(-4))/((-2)/6). Let o be q(g). What is the highest common divisor of 27 and o?
9
Let j(n) = 156*n + 616. Let t be j(0). Calculate the greatest common divisor of t and 32.
8
Let q = -13 - -23. Let b(d) = 4 + 3 - 3 - 2*d. Let l be b(-3). What is the highest common factor of q and l?
10
Let c = 125 + -61. Calculate the highest common divisor of 704 and c.
64
Let k(h) = h**2 - h - 72. Let x be k(0). Let w = x - -90. Calculate the greatest common factor of w and 45.
9
Let d be 30/(1 - 1/(-2)). Suppose -x + 2*x - 49 = 5*t, -3*t = 5*x - 189. Let y be 11/3 + 13/x. What is the highest common factor of y and d?
4
Suppose 3*s + 3*z - 57 = 0, -5*s - z = -5*z - 77. Suppose -5*g = -2 + s, -2*g + 8 = t. Let r = -39 + 74. What is the highest common factor of t and r?
7
Let d(m) = -m**3 - 2*m**2 + 2*m - 2. Let q be d(-3). Suppose -3*k = -q - 35. Calculate the highest common divisor of k and 24.
12
Suppose -130 = -5*w - 5*w. Calculate the greatest common factor of 104 and w.
13
Suppose -6 = z - 9. Suppose -53 = 5*y + 3*a, -z*y + a - 8 = 21. Let w(r) = -3*r - 23. Let o be w(y). Calculate the greatest common factor of o and 14.
7
Let p(x) = x**3 + 4*x**2 - x - 2. Let b be p(-4). Let w(d) = d**b - 11 - 7*d + 2 - 3*d + 14*d. Let r be w(5). Calculate the greatest common divisor of r and 4.
4
Let j = 429 + -312. Let u be -1 + (-13 + -1)/(-1). Calculate the greatest common factor of u and j.
13
Suppose 8*h - 36 = 5*h. Suppose -18 - h = -3*k. Let s(c) = 3*c - 9. Let w be s(k). What is the greatest common factor of w and 84?
21
Suppose 4*l - 68 = 4*b - 2*b, -b + 38 = 2*l. Let u = 610 + -232. Suppose -3*f + 6*f = u. What is the greatest common divisor of l and f?
18
Suppose -3*r = v - 29, -4*r - r + 45 = v. What is the highest common divisor of 1 and r?
1
Let s be (1*6)/(12/(-810)*-9). Calculate the highest common divisor of s and 36.
9
Suppose 5*j - 41 = -3*z + 9, -j - 3 = -2*z. Suppose 0 = 7*v - 6*v - 4, 86 = 5*q + 4*v. Calculate the greatest common factor of j and q.
7
Suppose 4*d = 71 + 409. Suppose -q = -5*q + d. Suppose -9*u + 14*u = q. What is the highest common factor of 6 and u?
6
Suppose 2*p + 400 = -5*m - p, -5*p - 141 = 2*m. Let h = m - -150. Suppose 2*s - h = -s + 2*r, 0 = 3*r + 15. Calculate the greatest common factor of 209 and s.
19
Let q be (-163)/2 + (-85)/34. Let j = 0 - q. Let c be ((-6)/8)/((-2)/56). Calculate the highest common factor of c and j.
21
Let k be -4*(-3)/48*4 + 10. What is the greatest common divisor of 1188 and k?
11
Suppose -i - i = 0, 2*i - 8 = -4*a. Suppose 28 = a*k - 100. What is the highest common factor of 16 and k?
16
Suppose 4*u - 405 = u. Let v(k) = -12*k - 6. Let m be v(-5). Calculate the greatest common factor of m and u.
27
Suppose 213 = 2*x - 3*w, -5*x + 514 = w - 10. Calculate the greatest common factor of 1015 and x.
35
Suppose 2*i - 16 = 12. Suppose 93 - 18 = -5*d. Let c be -1 - (-5)/(d/(-24)). What is the greatest common factor of i and c?
7
Let s = 190 + -98. Let f(m) = -6*m - 1. Suppose 3*h + 16 = 4*u, -h - 3*h - 15 = u. Let o be f(h). What is the highest common factor of o and s?
23
Suppose 12*k = -3*k + 510. Suppose 4 - k = -3*t. Calculate the highest common divisor of 5 and t.
5
Suppose 0*x + 5*x = 0. Suppose 5*y = -x*y. Suppose 122 = 4*v - 2*j, y = -v - 3*v + 3*j + 123. Calculate the greatest common factor of v and 10.
10
Let f = 38 + -26. Suppose 3*g - 192 = -2*z, z + 384 = 5*z - 3*g. What is the highest common divisor of z and f?
12
Suppose -2*g = b - 56, 2*g + 4*b - 94 = -g. Let x be 2/(-2) - (-7)/((-35)/(-200)). Calculate the greatest common factor of x and g.
13
Let f be 0 + (7 - -4) + -6. What is the highest common divisor of f and 1?
1
Let i be 11/((-2)/(-12)*3). Suppose -2*b + 5*b - 15 = 0. Suppose -4*w + b*c + 269 = 0, 3*w = -0*w + 2*c + 200. Calculate the greatest common divisor of w and i.
22
Let p = -12 + 13. Let d(a) = -p - 1 - 11*a + 1 + 0. Let z be d(-1). What is the highest common factor of z and 20?
10
Suppose -2*l + 3 + 7 = 0. Let w = -262 + 281. Suppose -99 = -l*v - w. What is the greatest common divisor of v and 8?
8
Let k = 219 - 165. Calculate the greatest common divisor of 72 and k.
18
Suppose 0*z - 6*z + 12 = 0. Suppose 6